 y?
2
Let t be 2/(-6) - (-8)/(-12). Let w = t + 2. Let c(y) = 6*y**3 - y**2 + y. What is the units digit of c(w)?
6
Let r(a) = a - 4*a**3 - 5*a**2 + 4*a**3 - 5*a - a**3. Let f be r(-3). What is the units digit of (-3 - f)/3*11?
1
Let l(x) = 2*x**2 - 4*x + 24. What is the units digit of l(6)?
2
Let r(c) = 2*c**2 + 3*c + 1. Suppose -d = -i - 5, -4*d + 7 = -3*i - 5*d. What is the tens digit of r(i)?
1
Let z(a) = -a**3 + a**2 + a + 1. Let r(l) = -7*l**3 + 15*l**2 + 8*l + 3. Let p(g) = r(g) - 6*z(g). What is the tens digit of p(9)?
1
Suppose d - 4*r = -5 - 0, r - 5 = -d. Suppose -d*s - 3 = -54. What is the tens digit of s?
1
Suppose u + u - c = 62, u + 5*c - 20 = 0. What is the units digit of u?
0
Let q(g) = g**2 - 6*g + 2. Let o be 9/4*16/6. Let i be q(o). Suppose -i*f = -7*f + 25. What is the units digit of f?
5
Suppose 2*x = 3 + 7. Suppose -x*n + 0*o + 15 = -2*o, -n + 3 = 4*o. What is the units digit of n?
3
Let a be (-1 + -9)/(0 + -2). Suppose v + v = a*i + 1, 0 = -3*v + 4*i + 5. Let w = v + 1. What is the units digit of w?
4
What is the units digit of -3*(-1 + 318/(-9))?
9
Suppose t + 2*t - 198 = 0. What is the units digit of t?
6
Suppose 0 = 3*c - 12, 34 = 2*o + 4*c + c. Let u(b) = 2*b + 1. What is the tens digit of u(o)?
1
Let q(v) = -v - 9. Let y(z) = -z - 2. Let o be y(4). Let w be q(o). What is the units digit of (-14)/(-21) + (-10)/w?
4
Suppose 4*w = 2*w - 6. What is the units digit of 2 + 30 - (w + 6)?
9
Let q(g) = 3*g**2 + 2*g + 3. Let y be q(-3). Suppose 5*k - 2*w = -0*w - 83, -5*k - 95 = -5*w. Let n = y + k. What is the units digit of n?
9
Suppose -p - 6 = -3*c - 0, p + 5*c + 6 = 0. Suppose 2*z + 2*n - 12 = 5*z, 0 = 3*z + 2*n. Let y = z - p. What is the units digit of y?
4
Suppose 2*w + w = 3*m + 33, -w + 35 = 5*m. Let b = w + -7. What is the units digit of b?
8
Suppose 0*t + 3*t = -42. Let c = t - -22. Suppose -c = -r - p, 0 = -3*p - 0*p + 12. What is the units digit of r?
4
Let z(q) = 3*q**2 - 6*q. Let c be z(4). Let p = c - 34. Let a = p + 18. What is the units digit of a?
8
Let n(l) = -l**3 - 8*l**2 + 4*l - 6. What is the tens digit of n(-9)?
3
Let t = -8 + 11. What is the units digit of t?
3
Suppose 5*c - 128 - 117 = 0. What is the tens digit of c?
4
Let k be (-1)/(((-6)/(-255))/(-2)). Suppose 3*j = -2*h + 29, 7*h - 3*h - 3*j = k. What is the tens digit of h?
1
Let z(l) = -7*l + 2. Let v be z(2). Let r(s) = s**2 + 8*s - 17. What is the tens digit of r(v)?
3
Let r = -8 + 24. Suppose -2*u = -0*p - 2*p + 2, 2*p = -4*u - r. What is the units digit of 4 - -14 - (p - 0)?
0
Let g = 3 - -1. Suppose d - 4 = 2*y + 2*y, -g = -d + y. What is the units digit of d?
4
Suppose -2*y - 2 = -y. Suppose 0 = -2*m - 6, 3 = 3*k - 4*k - 3*m. Let s = k + y. What is the units digit of s?
4
Suppose 3*w - 5*w = 3*q - 188, 80 = q + 5*w. What is the tens digit of q?
6
Let i = 35 + 3. What is the units digit of i?
8
What is the units digit of (35/15 + -3)/(2/(-555))?
5
Let k(q) = 2*q**2 + q + 3. Let h be k(-3). Let u(v) = v**3 - 3*v**2 - 2*v - 3. Let g be u(3). Let f = h + g. What is the units digit of f?
9
Let f(r) = 3*r**2 + 10*r - 37. What is the hundreds digit of f(-10)?
1
Suppose 3*b = -3, -4 = -y + 4*b + 11. Suppose -2*i = 3*i. Suppose i*g = g - y. What is the tens digit of g?
1
Suppose 0*n = 5*n. Suppose 3*j - 4*x - 9 = 0, -3*j + n*x + 3 = -2*x. What is the units digit of (16/6 + j)*3?
5
Suppose k + 68 = 3*k - a, -5*k - 3*a + 159 = 0. What is the tens digit of k?
3
Let c(s) = 51*s + 9. What is the units digit of c(3)?
2
Suppose 88 = 4*l + 3*h - 4, 2*l - 2*h - 60 = 0. Let u = l + -14. What is the units digit of u?
2
Let w = -7 + 10. Suppose 2*f - 13 = p, -10 = -3*p + w*f - 34. Let g = p + 11. What is the units digit of g?
8
Suppose s + 3 - 6 = 0. Suppose -2*a + 3*l + 7 = -0*l, 0 = -a + l + 4. Suppose 2*y - 4 = s*k, k + 3*k - 33 = -a*y. What is the units digit of y?
5
Suppose -5*u + 36 = -u. What is the units digit of u?
9
Let g = 3 + 29. What is the tens digit of g?
3
Suppose -b + 22 + 21 = 0. What is the units digit of b?
3
Let p = -44 + 13. Let h = -21 - p. Suppose a - 2 = 3*w, 0 = 3*a - 5*a + 3*w + h. What is the units digit of a?
8
Suppose -7*u = -2*u + 20, 3*a + u = -16. Let k be a/(-14) - 19/(-7). What is the units digit of 15/10*10/k?
5
Suppose 6 = -3*r + 5*r. Let n = 6 + r. What is the units digit of n?
9
Suppose 5*d - h = 1357, 2*h - 750 - 72 = -3*d. What is the units digit of d?
2
Suppose 0*f + 2*f = 18. Let a = f - 29. What is the tens digit of a/(-6)*3/1?
1
What is the tens digit of ((-10)/3*-3)/3*87?
9
Let j(b) = -16*b - 5. What is the hundreds digit of j(-11)?
1
Suppose 5*a - 15 = 0, -2*w - 4*a - 3 = -59. What is the tens digit of w?
2
Let l be 16/7 + (-4)/14. Let r(a) = -a - 9. Let c be r(-9). Suppose c = 4*d - l*d - 4. What is the units digit of d?
2
Let y = 77 + -45. What is the tens digit of y?
3
Let x = -1 - -4. Suppose 3*a = 3*f + 39, a + x*a + 2*f - 22 = 0. What is the units digit of a?
8
What is the tens digit of -15*((-10)/60)/((-1)/(-46))?
1
Let p = 18 + 93. What is the units digit of p?
1
Let o = 15 - -14. What is the tens digit of o?
2
Suppose 0 = 5*z - m - 17, -z - 3*m + 1 - 4 = 0. What is the units digit of z?
3
Let x = 6 - -30. Let h be -2*(-3)/(-3) - 17. Let z = h + x. What is the tens digit of z?
1
Suppose -3*a - 5*g + 338 = 0, -197 = -5*a - 5*g + 383. Suppose 0 = 2*v - 3*b + 19 - 80, 3*b - a = -5*v. What is the units digit of v?
6
Let q be 5*((-36)/15)/1. What is the units digit of (q/3)/(0 + -2)?
2
Let z be 1005/27 - 6/27. Suppose 0 = -2*j - 5*h + 65, -h - z = -j - 5*h. What is the tens digit of j?
2
Let m be 24/14 + 10/35. Suppose -3*w - 2 = -m*b - 14, -2*w + 2*b = -10. What is the units digit of w?
2
Let v(g) = -g + 10. Let u be v(10). Suppose u = -4*a + 34 + 22. What is the units digit of a?
4
Suppose -16 = -5*w + 4, 5*f - 5*w - 85 = 0. Let d = f + -8. Let b = 27 - d. What is the units digit of b?
4
Suppose -7 = -f + x, 0 = f - 2*f + 5*x + 27. Suppose 0*s + f = s. What is the units digit of s?
2
Let h = -7 - -12. Suppose i = h*i - 40. What is the tens digit of i?
1
Let s be (-2)/4 + (-90)/(-12). Let q(k) be the first derivative of -k**3/3 + 4*k**2 - k - 1. What is the units digit of q(s)?
6
Let i(a) = a**2 + a - 3. Let l be 3 - (-2 - (-2)/1). What is the units digit of i(l)?
9
Let m = -10 + 15. What is the units digit of m?
5
Let q = -146 - -223. What is the tens digit of q?
7
Let o = 81 - 42. What is the units digit of o?
9
Let s(v) = -6*v**2 + v + 1. Let i be s(-1). Let g(o) = 5*o**2. Let j be g(-2). What is the units digit of (i/(-4))/(6/j)?
5
Let k be (-10)/(-2) + (-5)/5. Suppose -112 = -4*i - 3*h - 11, 0 = -k*i + h + 105. What is the units digit of i?
6
Suppose 5 = q + 18. Let c(p) = p**2 + 12*p + 16. Let f be c(q). Let x = f - 10. What is the tens digit of x?
1
Let v be 360/27*1*3. Let a = 64 - v. What is the tens digit of a?
2
Let v = -10 + 16. Suppose 4*i + 24 = -4*w, -w = 2*i - 6*i - 9. Let g = v - w. What is the units digit of g?
9
Let x = 2 - 3. Let b be (1 - 0 - 0) + x. Suppose 2*z = b, -5*y + 3*z + 6 + 4 = 0. What is the units digit of y?
2
Suppose 3 + 3 = 2*q. Suppose m + 4*m - 10 = 0. Suppose -q*g + 3 = -m*g. What is the units digit of g?
3
Suppose -4*y + s - 6*s + 1106 = 0, 0 = -3*y + 3*s + 816. What is the tens digit of y?
7
Suppose -4*x - 4*d + 18 = -d, -3*x - 3*d = -12. Suppose j + x = 34. What is the tens digit of j?
2
Suppose -r + 80 = 5*a, 0 = -4*a + 5*r - 4*r + 73. Suppose -3*c + a + 13 = 0. What is the units digit of c?
0
Suppose -7*c = -3*c + 16. Let y = 16 + c. What is the units digit of y?
2
Let z be (1 - -10) + 3 + -2. Suppose -3*u = t - u + 6, 5*t = -u - z. What is the units digit of (t/4)/((-5)/130)?
3
Let n(q) = 2*q - 3. Let i(r) = 1. Let w(u) = i(u) - n(u). Let v = -2 - 1. What is the units digit of w(v)?
0
Let u be -1*2/5*5. What is the units digit of (14 - u) + 7 + -6?
7
Let z = -57 - -111. Suppose -j - z = -4*j. What is the units digit of j?
8
Let n be 4/(-28)*-2*7. Suppose u = n*u - 19. What is the tens digit of u?
1
Let c(i) = i**2 + 4*i - 3. Let h be c(-3). Suppose -5 = -a + 4*t, -t - 3*t = 5*a + 23. Let b = a - h. What is the units digit of b?
3
Suppose 0 = 3*v - v - 2. What is the units digit of v?
1
Let f(y) = y - y - y + 1. Let h be 57/(-21) + 12/(-42). What is the units 